1c86b
What is -7b51 (base 14) in base 3?
-1002101220
What is 1895 (base 12) in base 2?
101110110001
Convert 11ae (base 16) to base 14.
1914
What is -16288 (base 9) in base 11?
-8441
-37c (base 15) to base 13
-48c
What is -1010 (base 12) in base 5?
-23430
17530 (base 9) to base 13
5676
-2f65 (base 16) to base 10
-12133
1001000010 (base 2) to base 8
1102
What is 1115 (base 7) in base 9?
488
What is -111324 (base 5) in base 3?
-12102211
-1229d (base 14) to base 13
-172c1
-485 (base 14) to base 4
-32011
-21102222 (base 4) to base 6
-452110
3803 (base 12) to base 7
24324
What is 111100111 (base 2) in base 12?
347
Convert 1240030 (base 5) to base 10.
24390
6ab3 (base 12) to base 2
10111010100111
Convert -b29 (base 14) to base 10.
-2193
What is -65 (base 12) in base 4?
-1031
-1130 (base 5) to base 11
-140
Convert -11111100001 (base 2) to base 11.
-1574
What is -1000011001 (base 2) in base 14?
-2a5
-4204 (base 6) to base 8
-1654
What is -2406 (base 9) in base 7?
-5133
What is -121225 (base 6) in base 7?
-43055
What is 1bb4 (base 13) in base 4?
1001223
Convert 111001100110001 (base 2) to base 3.
1111110012
-2210101 (base 4) to base 6
-120401
What is 7acc (base 14) in base 3?
1002021200
Convert -2a (base 14) to base 6.
-102
What is -223221 (base 4) in base 14?
-1037
-213011 (base 4) to base 5
-40001
Convert 2ae5 (base 15) to base 8.
21777
What is -1160 (base 9) in base 15?
-3c9
What is -5b1 (base 14) in base 6?
-5131
Convert -22723 (base 10) to base 14.
-83d1
What is 202021211 (base 3) in base 14?
5567
Convert -47 (base 10) to base 16.
-2f
Convert -a0bd (base 14) to base 5.
-1340412
24262 (base 7) to base 10
6316
-30632 (base 7) to base 10
-7520
What is -727 (base 8) in base 4?
-13113
Convert 1115 (base 7) to base 10.
404
What is -3640 (base 10) in base 8?
-7070
Convert 6681 (base 11) to base 10.
8801
Convert 6857 (base 9) to base 14.
1bc6
Convert 103 (base 11) to base 10.
124
Convert 1647 (base 10) to base 11.
1268
What is -10405 (base 7) in base 2?
-101000101010
What is -2020221 (base 3) in base 5?
-23040
1001101100100 (base 2) to base 12
2a58
-10212 (base 11) to base 6
-152544
Convert 10010010000111 (base 2) to base 6.
111143
What is 9a0 (base 14) in base 8?
3560
-111122 (base 3) to base 14
-1c4
Convert -2378 (base 11) to base 16.
-c26
-89d (base 15) to base 11
-1511
Convert 2a2 (base 14) to base 15.
259
-32110 (base 4) to base 15
-411
What is -314 (base 12) in base 4?
-13000
Convert 24220 (base 9) to base 12.
9476
What is -664 (base 14) in base 10?
-1264
What is 535 (base 12) in base 13?
467
268 (base 11) to base 2
100111100
-302412 (base 7) to base 5
-3120222
What is 429 (base 12) in base 16?
261
What is a776 (base 14) in base 16?
70f4
What is d12 (base 15) in base 14?
1102
21232330 (base 4) to base 15
bc2d
123442 (base 5) to base 9
6613
What is -10331 (base 6) in base 7?
-4102
1011111010000100 (base 2) to base 5
3030042
What is 401 (base 16) in base 8?
2001
Convert 967 (base 10) to base 14.
4d1
Convert 100111111 (base 2) to base 9.
384
55542 (base 8) to base 10
23394
Convert -5155 (base 7) to base 8.
-3414
-1ca (base 15) to base 12
-2a7
Convert 1648 (base 16) to base 8.
13110
Convert 1216 (base 8) to base 15.
2d9
Convert 1110110000 (base 2) to base 9.
1258
-15a7 (base 14) to base 2
-111100011111
1156 (base 9) to base 11
713
What is -41311 (base 5) in base 4?
-222102
Convert -10000011101 (base 2) to base 16.
-41d
Convert 112222 (base 3) to base 15.
1be
Convert -1156 (base 9) to base 8.
-1535
Convert 4233 (base 5) to base 11.
477
-8e6 (base 15) to base 4
-133200
302042 (base 5) to base 2
10010110101111
Convert -1a6a (base 12) to base 2.
-110010110010
156003 (base 7) to base 11
21217
2525 (base 11) to base 7
12414
Convert 1110231 (base 4) to base 16.
152d
What is -54004 (base 6) in base 5?
-213343
Convert 22107 (base 10) to base 15.
683c
What is 1312222 (base 4) in base 9?
11367
375 (base 11) to base 15
1ea
-613 (base 8) to base 11
-32a
What is 111011101001 (base 2) in base 6?
25401
What is -180 (base 13) in base 2?
-100010001
-1571 (base 10) to base 13
-93b
What is 454 (base 7) in base 3?
22201
What is 15502 (base 6) in base 10?
2558
-91 (base 11) to base 8
-144
What is -319a (base 11) in base 10?
-4223
What is 2466 (base 7) in base 6?
4150
What is -43501 (base 7) in base 13?
-4c4b
Convert -34627 (base 10) to base 12.
-18057
Convert 2613 (base 13) to base 3.
21102220
What is 111100101 (base 2) in base 16?
1e5
-8d4 (base 14) to base 8
-3332
What is 1151 (base 6) in base 14?
163
24100 (base 5) to base 2
11011101111
6485 (base 9) to base 6
34035
-100eb (base 15) to base 7
-301145
Convert -1110010011 (base 2) to base 9.
-1226
2217 (base 10) to base 5
32332
-897 (base 16) to base 12
-1333
What is -1110111000101 (base 2) in base 3?
-101110021
Convert -c5 (base 14) to base 3.
-20102
-1101111011010101 (base 2) to base 14
-16b09
What is 110233 (base 4) in base 11?
aa7
What is 11100001111100 (base 2) in base 14?
53ac
What is -110100 (base 2) in base 15?
-37
-39 (base 15) to base 7
-105
Convert 402014 (base 5) to base 14.
4915
What is 79 (base 14) in base 6?
255
Convert -7527 (base 9) to base 15.
-198d
Convert -5ab (base 13) to base 5.
-12421
1667 (base 15) to base 12
295a
-1251 (base 6) to base 10
-319
What is 2d3 (base 14) in base 9?
711
Convert 21523 (base 6) to base 14.
1147
What is -1415 (base 7) in base 3?
-202102
Convert 103332 (base 4) to base 6.
5530
Convert -16a (base 14) to base 10.
-290
Convert -36a38 (base 11) to base 16.
-cfa8
What is 215 (base 12) in base 8?
461
Convert -33c (base 13) to base 5.
-4213
693a (base 11) to base 5
242433
What is -31320123 (base 4) in base 14?
-16a15
-121101 (base 4) to base 6
-11253
Convert -18334 (base 9) to base 15.
-3b47
Convert 4240 (base 8) to base 3.
10000210
What is -5863 (base 9) in base 8?
-10376
Convert 111000110111 (base 2) to base 5.
104024
10062 (base 7) to base 15
ad0
What is 2045 (base 6) in base 9?
562
What is -9a1c (base 13) in base 12?
-10528
What is 919 (base 14) in base 15?
7e2
Convert 304012 (base 5) to base 11.
7474
33003 (base 4) to base 6
4243
-3623 (base 8) to base 6
-12551
1e03 (base 15) to base 9
8853
7a (base 11) to base 12
73
What is -7982 (base 10) in base 11?
-5aa7
-14433 (base 6) to base 16
-915
What is 612 (base 15) in base 2?
10101010111
What is -4813 (base 10) in base 6?
-34141
Convert -5304 (base 16) to base 14.
-7a60
What is -251c (base 13) in base 8?
-12220
-5d7a (base 16) to base 14
-8a14
235043 (base 7) to base 10
42563
Convert 715 (base 16) to base 10.
1813
What is -205 (base 10) in base 12?
-151
-219 (base 13) to base 9
-440
Convert 53 (base 12) to base 10.
63
-446 (base 9) to base 6
-1410
What is 31002 (base 5) in base 2?
11111010010
What is -2f (base 16) in base 14?
-35
Convert 1000001001 (base 2) to base 16.
209
Convert 40642 (base 7) to base 4.
2123020
Convert -423b (base 14) to base 2.
-10110010011101
Convert 30bc (base 14) to base 4.
2003032
What is 1112201120 (base 3) in base 15?
902c
What is 3198 (base 10) in base 14?
1246
Convert 1010 (base 10) to base 3.
1101102
What is -386 (base 9) in base 7?
-636
Convert -2405 (base 10) to base 7.
-10004
Convert 4950 (base 12) to base 3.
102100020
Convert -11457 (base 8) to base 3.
-20201220
170a7 (base 12) to base 14
c023
1094 (base 12) to base 15
82a
1253 (base 6) to base 7
636
What is 2322 (base 7) in base 8?
1521
-246 (base 11) to base 14
-16c
What is -10121 (base 3) in base 14?
-6d
Convert 220100210 (base 3) to base 11.
12386
Convert 1063 (base 9) to base 14.
402
4 (base 16) to base 12
4
1a3 (base 16) to base 8
643
Convert -5730 (base 9) to base 4.
-1002033
Convert -1623 (base 8) to base 14.
-495
3425 (base 8) to base 3
2111011
What is -11010100110111 (base 2) in base 12?
-7a73
-12233 (base 5) to base 16
-3af
-1552 (base 15) to base 10
-4577
What is e52 (base 16) in base 14?
149c
What is -413 (base 5) in base 6?
-300
What is 17892 (base 13) in base 8?
130543
What is 122012 (base 3) in base 4?
13100
Convert 2000220 (base 3) to base 13.
8a0
1211 (base 4) to base 7
203
What is 65311 (base 7) in base 9?
24284
54a (base 15) to base 6
5311
Convert -1001111111 (base 2) to base 10.
-639
Convert -e77 (base 15) to base 8.
-6276
What is 208 (base 15) in base 8?
712
15565 (base 12) to base 4
13113131
Convert -328 (base 16) to base 